Calculate the remainder when 1913 is divided by 318.
5
What is the remainder when 40378 is divided by 25?
3
What is the remainder when 2342 is divided by 572?
54
What is the remainder when 13796 is divided by 58?
50
Calculate the remainder when 42526 is divided by 61.
9
What is the remainder when 1170 is divided by 593?
577
What is the remainder when 5607 is divided by 526?
347
Calculate the remainder when 2759 is divided by 137.
19
Calculate the remainder when 35996 is divided by 193.
98
What is the remainder when 5368 is divided by 2336?
696
Calculate the remainder when 8545 is divided by 8448.
97
Calculate the remainder when 16244 is divided by 1249.
7
What is the remainder when 183670 is divided by 377?
71
What is the remainder when 1191 is divided by 19?
13
What is the remainder when 77967 is divided by 200?
167
Calculate the remainder when 3270119 is divided by 8.
7
What is the remainder when 6875 is divided by 3431?
13
Calculate the remainder when 1617 is divided by 321.
12
What is the remainder when 2561 is divided by 411?
95
Calculate the remainder when 15039 is divided by 14930.
109
Calculate the remainder when 232666 is divided by 554.
540
What is the remainder when 714760 is divided by 24?
16
What is the remainder when 4175 is divided by 2078?
19
Calculate the remainder when 3351 is divided by 3337.
14
What is the remainder when 1113 is divided by 261?
69
What is the remainder when 1900 is divided by 207?
37
What is the remainder when 260334 is divided by 244?
230
Calculate the remainder when 218481 is divided by 556.
529
What is the remainder when 47369 is divided by 376?
369
Calculate the remainder when 152935 is divided by 76462.
11
Calculate the remainder when 6049 is divided by 107.
57
Calculate the remainder when 25594 is divided by 784.
506
Calculate the remainder when 2851305 is divided by 12.
9
What is the remainder when 137 is divided by 132?
5
Calculate the remainder when 1345 is divided by 540.
265
What is the remainder when 4353 is divided by 2167?
19
What is the remainder when 932905 is divided by 118?
115
Calculate the remainder when 130707 is divided by 2723.
3
Calculate the remainder when 85911 is divided by 788.
19
Calculate the remainder when 6432 is divided by 49.
13
Calculate the remainder when 7815 is divided by 76.
63
What is the remainder when 110328 is divided by 222?
216
Calculate the remainder when 1031118 is divided by 87.
81
Calculate the remainder when 767 is divided by 323.
121
What is the remainder when 248 is divided by 114?
20
What is the remainder when 23627 is divided by 39?
32
Calculate the remainder when 422705 is divided by 114.
107
Calculate the remainder when 20097 is divided by 628.
1
What is the remainder when 236609 is divided by 14787?
17
What is the remainder when 14925 is divided by 10?
5
Calculate the remainder when 100736 is divided by 1460.
1456
Calculate the remainder when 19675 is divided by 6556.
7
What is the remainder when 2430 is divided by 61?
51
Calculate the remainder when 41256 is divided by 261.
18
What is the remainder when 110662 is divided by 53?
51
Calculate the remainder when 28836 is divided by 9.
0
Calculate the remainder when 46350 is divided by 15439.
33
Calculate the remainder when 416781 is divided by 48.
45
Calculate the remainder when 3767 is divided by 300.
167
Calculate the remainder when 6309 is divided by 3151.
7
What is the remainder when 3244 is divided by 59?
58
Calculate the remainder when 6327 is divided by 266.
209
What is the remainder when 4849 is divided by 1103?
437
Calculate the remainder when 9093 is divided by 207.
192
Calculate the remainder when 85482 is divided by 47.
36
Calculate the remainder when 589649 is divided by 28.
25
What is the remainder when 439368 is divided by 112?
104
What is the remainder when 3345049 is divided by 50?
49
Calculate the remainder when 4890 is divided by 1988.
914
What is the remainder when 34992 is divided by 898?
868
What is the remainder when 2893 is divided by 513?
328
What is the remainder when 657724 is divided by 8?
4
What is the remainder when 140820 is divided by 346?
344
What is the remainder when 365756 is divided by 24?
20
Calculate the remainder when 695 is divided by 223.
26
What is the remainder when 17223 is divided by 151?
9
Calculate the remainder when 1795 is divided by 260.
235
What is the remainder when 622904 is divided by 73?
68
What is the remainder when 133769 is divided by 33437?
21
What is the remainder when 3188 is divided by 1025?
113
What is the remainder when 14018 is divided by 14008?
10
What is the remainder when 31882 is divided by 4552?
18
Calculate the remainder when 11993 is divided by 1715.
1703
What is the remainder when 7451 is divided by 9?
8
Calculate the remainder when 644 is divided by 93.
86
Calculate the remainder when 527014 is divided by 29.
26
Calculate the remainder when 86119 is divided by 367.
241
What is the remainder when 36986 is divided by 3?
2
Calculate the remainder when 18123 is divided by 106.
103
Calculate the remainder when 5883 is divided by 215.
78
Calculate the remainder when 2381 is divided by 132.
5
What is the remainder when 14157 is divided by 16?
13
Calculate the remainder when 39 is divided by 12.
3
What is the remainder when 1494 is divided by 1493?
1
Calculate the remainder when 283199 is divided by 118.
117
Calculate the remainder when 79869 is divided by 53.
51
Calculate the remainder when 16234 is divided by 48.
10
Calculate the remainder when 1017 is divided by 42.
9
Calculate the remainder when 2610 is divided by 327.
321
Calculate the remainder when 10049 is divided by 19.
17
What is the remainder when 1304 is divided by 156?
56
What is the remainder when 41154 is divided by 129?
3
What is the remainder when 2769 is divided by 82?
63
Calculate the remainder when 23522 is divided by 160.
2
What is the remainder when 773 is divided by 698?
75
What is the remainder when 1477 is divided by 147?
7
What is the remainder when 144246 is divided by 586?
90
Calculate the remainder when 4961 is divided by 634.
523
What is the remainder when 347527 is divided by 173755?
17
Calculate the remainder when 163228 is divided by 837.
13
What is the remainder when 3391 is divided by 105?
31
What is the remainder when 86929 is divided by 412?
409
What is the remainder when 11276 is divided by 12?
8
What is the remainder when 12948 is divided by 25?
23
Calculate the remainder when 2502 is divided by 91.
45
Calculate the remainder when 31445258 is divided by 770.
768
What is the remainder when 4813 is divided by 963?
961
What is the remainder when 4993 is divided by 231?
142
What is the remainder when 7120 is divided by 7?
1
Calculate the remainder when 57786 is divided by 112.
106
What is the remainder when 2023989 is divided by 885?
879
Calculate the remainder when 54182 is divided by 54137.
45
Calculate the remainder when 5994 is divided by 1989.
27
Calculate the remainder when 32513 is divided by 10795.
128
Calculate the remainder when 780 is divided by 40.
20
What is the remainder when 470 is divided by 153?
11
Calculate the remainder when 124361 is divided by 248.
113
Calculate the remainder when 1385 is divided by 290.
225
Calculate the remainder when 4890 is divided by 1079.
574
Calculate the remainder when 13298 is divided by 4411.
65
What is the remainder when 71351 is divided by 60?
11
What is the remainder when 88051 is divided by 1175?
1101
What is the remainder when 58726 is divided by 19574?
4
Calculate the remainder when 5582 is divided by 279.
2
What is the remainder when 541423 is divided by 12?
7
Calculate the remainder when 21941 is divided by 60.
41
Calculate the remainder when 300 is divided by 159.
141
What is the remainder when 1243 is divided by 398?
49
Calculate the remainder when 14066 is divided by 3494.
90
What is the remainder when 63543 is divided by 201?
27
Calculate the remainder when 5153 is divided by 303.
2
Calculate the remainder when 300761 is divided by 104.
97
What is the remainder when 8041 is divided by 16?
9
Calculate the remainder when 77754 is divided by 1215.
1209
What is the remainder when 313992 is divided by 519?
516
What is the remainder when 104895 is divided by 149?
148
Calculate the remainder when